14. Let y(v) = 0 + 1 + 2*v**2 - v**3 + 0*v**2 + 3*v. Let a be y(p). What is the greatest common factor of 77 and a?
11
Suppose 0 = u + 5*j + 249, 3*j = 3*u - 5*u - 491. Let k = u + 286. Calculate the greatest common factor of k and 336.
42
Suppose -h = -4*k + k + 18, -2*k = -3*h - 12. Suppose -100 + 16 = -k*y. What is the highest common divisor of y and 6?
2
Let k(c) = 2*c. Let n(q) = 5*q + 8. Let m(h) = -5*k(h) - n(h). Let z be m(-4). What is the highest common factor of z and 208?
52
Let q(i) = 5*i + 11. Let n be q(-1). Suppose -132*a - 29971 = -316*a + 8669. What is the highest common divisor of n and a?
6
Let d be 2500/(-150)*(-6)/5. What is the highest common divisor of 930 and d?
10
Suppose -12*j + 10*j + h + 43 = 0, -5*j = 3*h - 113. Calculate the greatest common divisor of j and 2266.
22
Let i = 38 - 29. Let q = 47 + i. Suppose 7*r = 28 + q. What is the highest common factor of 24 and r?
12
Let v(a) = 47 - 2*a - 4*a**2 - 6*a**3 + 41 - 86 + a**2. Let m be v(-2). Let n = 10 - 4. Calculate the greatest common factor of n and m.
6
Let h be (-2 - 10) + 288459/(-5 - -14). What is the highest common divisor of h and 161?
161
Let z = 12 + -3. Suppose 2*q - 10*q = 0. Suppose 4*m = -3*x + 27, -2*m + q*m + 11 = x. What is the greatest common divisor of m and z?
3
Let c be -3*3 - (19 + -13 + -869). Calculate the greatest common factor of c and 2440.
122
Let f = -8227 + 10972. Calculate the highest common factor of f and 315.
45
Suppose 4*m = 3*d - 7768, 0 = -2*d - 4*m - 0*m + 5192. Calculate the greatest common divisor of 81 and d.
81
Let w(z) = 7*z + 9 - 21*z**3 + 34*z**3 - 3 + 3*z**2 - 89*z**3. Let r be w(-1). Calculate the greatest common divisor of r and 39.
39
Suppose -30 = -3*x + 15. Let b = 187 + -184. Let y be b + (-1 - (1 - (28 - -1))). Calculate the highest common divisor of x and y.
15
Let d be (2 - 2)/(-1) + 25/5. Suppose 9 = u - 4*u - 3*l, d*l - 21 = u. Let g be u/9*(-69)/2. What is the greatest common factor of 46 and g?
23
Suppose 27594 = 389*f - 368*f. What is the greatest common factor of 126 and f?
18
Let x(o) = o**3 + 41*o**2 - 38*o + 288. Let t be x(-42). Calculate the greatest common factor of 120 and t.
120
Let b(g) = g**2 - 48*g + 347. Let k be b(41). Let r(v) = -19*v**2 + v. Let p be r(-1). Let f = k + p. What is the greatest common divisor of f and 5?
5
Let l(r) = 3*r**3 - 30*r**2 + 11*r - 4. Let c be l(15). What is the greatest common factor of c and 102?
34
Let t = -7859 - -8417. What is the greatest common divisor of 713 and t?
31
Suppose -14*n + n - 318 + 370 = 0. Calculate the greatest common factor of 31 and n.
1
Let s(y) = -4*y - 21. Suppose -3*b = -3*g + 33, 3*g = 8 + 7. Let p be s(b). Calculate the greatest common divisor of p and 4.
1
Suppose -14132 = -89*m + 8474. Calculate the greatest common factor of 254 and m.
254
Let d(r) = 2*r**2 - 3*r + 13. Let g be d(17). Let o be g - (0 + 0 + (-1)/(-1)). Calculate the highest common factor of 11 and o.
11
Suppose 4*o = 2*o + 102. Suppose -46*i = -o*i + 15. Suppose 18 = a + 5*y, -54 = -6*a + i*a + 2*y. Calculate the greatest common divisor of 90 and a.
18
Let a(z) = 2*z**2 + 50*z + 8. Let x be a(-23). Let p = 114 + x. What is the highest common factor of p and 10?
10
Suppose -31*l + 22*l + 18 = 0. Suppose -2*s = 3*q - 8, -s + l*q = -5 + 1. Suppose -33 = s*f - 65. Calculate the greatest common divisor of f and 32.
8
Let m(p) = 2*p**2 - 6*p + 10. Let d be ((-4)/(-8))/(4/24). Let f be m(d). What is the highest common factor of f and 170?
10
Let i(r) = -r**3 + 9*r**2 - 6*r - 5. Let a be i(8). Suppose 7 = -n + 4*f, 5*n - 44 - a = 2*f. Calculate the highest common factor of 117 and n.
13
Let k(z) = 2*z**2 - 16*z + 19. Let w be k(6). Let t be (0 - (w + 8))/(2/(-12)). Let i be 1 + 2*(t + -1). Calculate the greatest common divisor of i and 5.
5
Let c = 9911 - 9836. What is the highest common factor of 1065 and c?
15
Let s(w) = w**2 - 2*w - 6. Let l be s(-2). Let r be 1/l*2 + (130 - 57). Let m = r - 42. What is the highest common factor of m and 4?
4
Suppose 4*s - 144 + 32 = 0. Let z(h) = -58*h + 298. Let v be z(5). What is the greatest common factor of v and s?
4
Suppose 1829*z + 18408 = 1835*z. Calculate the highest common factor of z and 236.
236
Let p be (-237 + 2)*(-279)/93. Calculate the highest common factor of p and 376.
47
Suppose 5*w - w - 34584 = 4*o, -2*w + o + 17290 = 0. Calculate the highest common factor of w and 4.
4
Suppose 2*q + 4*y - 288 = 0, 14*q + 688 = 19*q + 2*y. What is the highest common divisor of q and 54?
2
Let g = 127 + -107. Let j(x) = -2*x - 2. Let t be j(-3). What is the greatest common factor of t and g?
4
Let q(l) = l**2 - 9*l - 20. Let r be q(9). Let y = r + 64. Let z = y + 0. What is the highest common factor of 4 and z?
4
Let l = 5799 + -4911. Calculate the highest common divisor of l and 24.
24
Let w = 5211 - 5151. Calculate the greatest common factor of w and 708.
12
Suppose 11*x = 14*x + d - 1412, -2320 = -5*x + 5*d. Let y = x - 319. Calculate the highest common factor of y and 45.
15
Suppose 4*y + 9501 = 3*k - 0*y, y - 6 = 0. What is the greatest common divisor of k and 50?
25
Let m(p) = -p**2 - 10*p - 2. Let n be m(-8). Let x = -45 - -3. Let r be (276/n)/((-6)/x). What is the highest common divisor of 92 and r?
46
Suppose -4*g + 89 = -59. Let n = g + -33. What is the highest common factor of 5 and n?
1
Let w(n) = n - 3. Let q be w(15). Let z be 1 + q/2 - 0. Let p(j) = 4*j - 19. Let v be p(z). Calculate the highest common divisor of v and 36.
9
Suppose 0 = 7*g + 60 - 172. Let r(s) = 12*s + 24. Let a be r(2). Suppose -12*b = -g*b + a. What is the greatest common factor of 18 and b?
6
Let h(o) = -o**2 + 24*o + 59. Let y be h(0). Calculate the highest common factor of 1475 and y.
59
Suppose 6*a - 246 = 4194. Suppose p + g = 179, -3*g + a = 4*p - 5*g. Calculate the highest common divisor of 3 and p.
3
Let l = 12887 - 10140. Calculate the greatest common divisor of 67 and l.
67
Suppose 15*l - 1104 = 13*l. Suppose -n - l = n. Let a be (n/(-18) + 2)/((-1)/(-3)). Calculate the greatest common factor of a and 468.
52
Let r be 250/75*18/4. Calculate the greatest common factor of 2355 and r.
15
Suppose -576 - 104 = -5*r - 2*d, 4*r = -14*d + 544. Suppose -14*c = -17*c + 561. What is the highest common divisor of r and c?
17
Suppose 5*c - 6 = 14. Suppose -c*l + 10 = -t, 4*t = 3*l - 5*l + 32. Suppose t*k - 82 - 44 = 0. Calculate the greatest common divisor of k and 6.
3
Suppose -3*n + 319 = 13. Let r = n + -88. Calculate the highest common divisor of 14 and r.
14
Suppose -96*s - 12980 = -118*s. What is the highest common factor of 140 and s?
10
Let m = -3687 - -10029. What is the greatest common divisor of 42 and m?
42
Let j be (-28)/(-3) + 0 + 4/(-3). Let g = 121 + 15. What is the greatest common divisor of j and g?
8
Let u(x) = 3*x + 23. Let c = -4 - -18. Suppose 3*y + 2*f + 6 = 5*f, y + 2*f + c = 0. Let s be u(y). What is the highest common divisor of s and 40?
5
Let n(k) = k**3 - 3*k**2 - 334*k - 56. Let d be n(20). Suppose 0 = 2*y + y - 96. What is the greatest common factor of y and d?
32
Let o be 5/30 - (-319)/(-6). Let u = o - -109. Let n = u + -44. Calculate the highest common factor of n and 6.
6
Let k be ((-2849)/(-154))/37 - ((-210)/(-4))/(-1). Calculate the greatest common factor of k and 14363.
53
Suppose 0 = 24614*l - 24580*l - 17918. Calculate the highest common divisor of l and 187.
17
Suppose 3*o - h = 10 + 1, 5*h - 17 = -3*o. Calculate the greatest common divisor of o and 2.
2
Suppose 0*m + 2275 = 4*m - 29. Calculate the highest common factor of m and 56.
8
Suppose -25847 - 79978 = -8*z + 5*c, 0 = -2*z - 5*c + 26475. Calculate the greatest common divisor of z and 135.
135
Let v be (2 - (6 + -3))*72 - -3. Let a = v + 65. Let t be (a/(-12))/(2/(-2 + 62)). Calculate the highest common divisor of t and 35.
5
Let s(q) = -2*q**2 + 60*q + 6. Let y be s(18). Let m = -388 + y. Calculate the greatest common factor of m and 10.
10
Suppose -22*t + 4*q = -19*t - 1612, 4*q - 548 = -t. Let z be 2/4 + 12930/60. Calculate the greatest common factor of t and z.
108
Suppose 4*z = 3*v + 7*z - 126, 0 = 5*v + 2*z - 207. Suppose -v*n + 12*n = -3016. What is the greatest common factor of 65 and n?
13
Let g(a) = 111*a - 28. Let y be g(5). Suppose r - y = 